(u).
11
Let k(s) = -s**3 - 15*s**2 - 3*s - 32. Suppose -41 = 3*v + p, -65 = 3*v - 179*p + 174*p. What is k(v)?
13
Let c(g) = g**2 + 6*g - 3. Suppose 0 = -o + 4*z + 1 + 1, 3*o - 3*z = 33. Let u be (-210)/(-4)*o/21. Suppose -3*t = -3*b, 0 = -3*t - b - 3*b - u. What is c(t)?
-8
Let k(i) = 11*i**3 + 32*i**2 - 8*i + 16. Let g(o) = 5*o**3 + 15*o**2 - 3*o + 8. Let r(x) = 9*g(x) - 4*k(x). Determine r(-6).
14
Let h = -3 + 6. Suppose -u = h*u + 16. Let a be (-1*1)/(3 + u). Let c(q) = 5*q**3 + q. What is c(a)?
6
Let b(j) = -2*j + 1. Suppose 1 + 1 = -2*x. Give b(x).
3
Let l(j) = 3*j**3 + 2*j**2 + j - 3. Let i(a) = -4*a**3 - 2*a**2 + 2. Let s(t) = -4*i(t) - 5*l(t). Calculate s(2).
-3
Let a(m) = -1. Suppose 0 = -3*s - 0 + 3. Let k(q) = 3*q - 2. Suppose -26 = 19*o + 12. Let b(c) = o*a(c) + s*k(c). What is b(-1)?
-3
Let a(q) = 9*q + 173. Let s be a(-19). Let v(d) = 3*d**2 - 2*d + 2. Calculate v(s).
10
Let v = -473 + 474. Let d be -2 - (5 + -1 - -1). Let z(n) = -2*n - 1. Let a(x) = -4*x - 2. Let l(p) = d*z(p) + 4*a(p). What is l(v)?
-3
Let u(x) = x + 2. Let p be u(2). Let m(t) = -t**3 - 5*t**2 + 8*t + 14. Let i be m(-6). Let s(b) = 1 - 4*b + b**2 - i*b + b**2 + 0. Give s(p).
9
Let u(f) = 6*f + 27. Let c(x) = -8*x - 33. Let n(y) = 2*c(y) + 3*u(y). Give n(-6).
3
Let y(b) = 3*b + 23. Let d be -6 - ((-342)/(-57))/((-6)/(-4)). Give y(d).
-7
Let k = 1109 - 1122. Let i(t) = t + 12. Determine i(k).
-1
Suppose -4*r = 20 + 24. Let k(o) = -7*o**2 - 4 + 3*o**2 + 5*o**2 - 4 + 10*o. Give k(r).
3
Let q(w) = -20 + 8*w + w**3 + 0 + 9*w**2 + 10. Determine q(-8).
-10
Let l(q) be the second derivative of -q**5/4 + q**4/4 - 2*q**3/3 + 7*q. Let r(a) = 4*a**3 - 2*a**2 + 3*a. Let n(i) = 2*l(i) + 3*r(i). Determine n(-1).
-3
Let z(h) = 79 + 3*h - 155 + 82. Let v(k) = -1. Let s(w) = 5*v(w) + z(w). Calculate s(-1).
-2
Let a(r) = -r + 15. Let z be a(5). Let u(f) = -f**2 + 11*f - 6. Let w be u(z). Let q(n) = n**2 - 8*n - 5. Determine q(w).
-21
Let m(u) = -u + 4. Suppose 1 = -2*f - 7. Let h(j) = j**3 + 5*j**2 + 2*j - 5. Let o be h(f). Calculate m(o).
1
Let q(o) be the second derivative of -o**7/840 + o**6/90 + o**5/120 + o**4/8 - 4*o**3 - 13*o. Let m(l) be the second derivative of q(l). Give m(4).
7
Let j(q) = -2*q - 5 - 2*q + 2*q. Let n(z) = -z - 1. Let u(a) = -j(a) + 3*n(a). Suppose -g = 3*g - 28. Calculate u(g).
-5
Let f(b) be the third derivative of 0*b**3 - 1/60*b**5 + 13*b**2 + 0*b + 0 + 1/4*b**4. Calculate f(5).
5
Let u(i) = -i**3 - 4*i**2 + 8*i + 8. Let g = -551 - -545. Calculate u(g).
32
Let q be 3*(-3)/9*6. Let u(x) = -x**3 - 7*x**2 - x + 6. What is u(q)?
-24
Let g = 3 - 6. Suppose x - 3*x + 8 = p, 3*x = 2*p + 5. Let f(o) = -1 - o**x + 5*o**2 + 9*o - 10*o - 7*o**2. What is f(g)?
11
Let u(w) = -w**2 - 9*w + 1. Let b(m) = 13*m - 1. Let o(z) = -4*b(z) - 5*u(z). Determine o(2).
5
Suppose 3*q + 25 = 8*q. Let n(h) = h**3 - 6*h**2 + 8*h - 11. Calculate n(q).
4
Let n be (2/(-8))/(5/20). Let i be n*0/(2/(-1)). Suppose 0*f - 2*f = i. Let t(j) = -j**2 + j - 6. Give t(f).
-6
Let o(j) = 4336 - 4*j + 3*j - 4347. Determine o(-7).
-4
Let l(d) be the second derivative of d**4/12 - 5*d**3/6 - 2*d**2 - 18*d. Give l(-3).
20
Let q(l) = l + 33. Let m be q(-30). Let i(z) = -8*z**2 - 15*z**2 + 3*z - z**3 - m + 20*z**2. What is i(-4)?
1
Suppose 27*c = -67*c - 23*c. Let u(f) = 2*f - 5. Determine u(c).
-5
Suppose -2*f + 5*u - 10 = 0, f + 33 = 6*f + 2*u. Suppose -21 = -f*q - 56. Let t(m) = -m**3 - 6*m**2 + 5*m + 10. Give t(q).
24
Let t(a) = -30*a**3 + 4*a**2 - 2*a + 4. Let x(s) = -38*s**3 + 5*s**2 - 3*s + 5. Let d(y) = 5*t(y) - 4*x(y). Give d(-2).
-20
Let i(o) = -o**3 - 2*o**2 + 2*o + 1. Let a be i(-3). Suppose a*t + 9 = 1. Let f(w) = -w**3 - w**2 + 2*w. Determine f(t).
0
Let w(l) be the third derivative of -l**6/120 + l**5/60 + l**4/8 - l**3/3 - l**2. Let h be (-10)/(-75) - 2/15. Suppose h = -5*z + 89 - 74. What is w(z)?
-11
Let o(y) = y**3 - 45*y**2 + 125*y + 37. Let n be o(42). Let m(h) = 2*h + 4. Determine m(n).
-6
Let z(u) be the second derivative of -3/2*u**3 + 0 - 3/4*u**4 - u**2 - 1/20*u**5 - 5*u. Give z(-8).
6
Let q(i) be the second derivative of -i**5/10 - i**4/3 - i**3/3 - i**2/2 + 74*i. Determine q(-3).
23
Let i(u) = u**2 - 5*u + 3. Suppose 5*m + 31 = 3*w - 10, 0 = -4*w - 5*m + 8. Calculate i(w).
17
Let y(k) = k**2 - 6*k - 7. Let l be 13 + -6 + (-2 - -1). Let r be l/4*((-161)/(-21) + -3). What is y(r)?
0
Suppose -3*w = -20*w - 85. Let c(o) = -4*o - 7. Determine c(w).
13
Let z(f) = 2*f - 3. Let s(v) = 11*v**2 + 3*v - 2. Let t be s(2). Suppose -3*d + t = -d. Suppose 5*p - d = 1. Calculate z(p).
7
Let k(b) be the first derivative of 2*b**3/3 + 2*b**2 - b - 13. Let q = -10 - -7. Determine k(q).
5
Let s be -215*(-1 - (-3)/5). Let c be s/(-18) + (-10)/45. Let d(g) = -g**2 - 5*g - 6. What is d(c)?
-6
Let s(a) be the second derivative of -a**5/20 + a**2/2 + 18*a. Give s(0).
1
Let q(z) = -4 + z - 33*z - 3*z**2 + 4*z + 9*z. Give q(-6).
2
Let s(l) = 2*l + 0 + 2 + 0 - 4. What is s(-5)?
-12
Suppose 4 = c + 2*y + 2*y, -3*c = 2*y - 12. Suppose -c*w - w = -30. Let j(o) = -o**3 + 4*o**2 - 4*o - 2*o + 3*o**2. Determine j(w).
0
Let s(w) = 7*w**3 - 3*w**2 + w - 3. Let u(j) = 9*j**3 - 4*j**2 + 2*j - 4. Let z(o) = 7*s(o) - 5*u(o). What is z(-1)?
-3
Let r(i) = 2*i**2 + 4*i + 3. Let f be (-12)/(-72) - 77/(-6). Suppose -f*o - 4 = -11*o. Determine r(o).
3
Let v(y) = -7*y - 30. Let j = -741 + 736. What is v(j)?
5
Let x(c) be the second derivative of -c**3/2 - 2*c**2 - 941*c - 2. Let q be (6 + -4)*(-5)/(-2). Calculate x(q).
-19
Let j(m) be the second derivative of -m**5/60 + m**4/8 - m**3/3 - 2*m**2 - 2*m. Let x(z) be the first derivative of j(z). Suppose 4 = -4*h + 16. Calculate x(h).
-2
Let y(k) = 17*k**3 + 13*k**2 - 17*k + 8. Let l(b) = 5*b**3 + 4*b**2 - 5*b + 3. Let q(m) = 7*l(m) - 2*y(m). What is q(-4)?
-23
Let t be (-4)/(-4)*3 + -1. Let o(i) be the third derivative of -1/24*i**4 + 0*i**3 + 0*i + 1/30*i**5 - 1/120*i**6 + 0 - 4*i**2. Determine o(t).
-2
Let r(m) = -5*m - m**2 - 6*m**2 + m**3 + 30*m - 1 - 18*m. Determine r(6).
5
Let v(t) = -t**3 - t**2 + t + 1. Let z(k) = -6*k**3 - 7*k**2 + 6*k + 1. Let f(s) = -4*v(s) + z(s). Determine f(-3).
18
Let d(u) = 5 + 5*u**2 + 2*u**3 + u**3 + 6*u**3 - u - 8*u**3. Let l(n) = -n**3 + 7*n**2 - 2*n + 9. Let h be l(7). Give d(h).
10
Suppose 3*m - 6 = 3. Let h(t) = -m + t**2 + 2*t + 5 - 3*t. Give h(0).
2
Let x(f) be the second derivative of 0 - 1/6*f**3 + 7*f + 0*f**2. Give x(-6).
6
Let t(r) = 8*r + 0*r**2 - r**2 - 11*r + 4. Give t(-4).
0
Let g(i) = i - 3. Suppose 20 = 4*x + 32. Determine g(x).
-6
Let x(u) = -u**3 + 3*u**2 - 2*u - 1. Suppose 15 = 3*d, 5*d - 37 = 3*s - 21. Give x(s).
-7
Let v(c) = 4*c + 1. Let q be 5/5 - (2 - 0). Calculate v(q).
-3
Let q(u) be the second derivative of u**7/2520 + u**5/40 - 2*u**4 + 8*u. Let b(v) be the third derivative of q(v). Determine b(-3).
12
Let u be (2 + -1)*(-26 + 24). Let l(f) = 2 - 4 - f**2 + 1. Calculate l(u).
-5
Let t(k) = -k**3 + 21*k**2 + k - 7. Suppose -2*s = 3*v - 67, -6*v = -2*s - 73 - 49. Calculate t(v).
14
Suppose 2*h = 2*p - 20, -2*h - 8 = -0*h. Let a(v) = -6*v**2 + 1. Let i(w) = 7*w**2 - 5*w + 2. Let c(z) = a(z) + i(z). Give c(p).
9
Let f(h) = -4*h**2 + 97*h + 71. Let v be f(25). Let c(q) = q**3 + 5*q**2 + 7*q + 5. Calculate c(v).
-7
Let l(i) = -i**3 + 6*i**2 + i - 9. Let v be (40/(-32))/5*-24. Determine l(v).
-3
Suppose 0 = -3*j + 4*u - 0*u + 33, 3 = -u. Let l(a) = 0*a**3 + 1 + j*a**3 - 6*a**3 + a**2 - a. What is l(-2)?
-1
Let w(y) = y**2 - 5*y + 3. Let c(a) = -26*a + 5*a**2 + 15 - 8*a**2 + 7*a**2. Let n(z) = -2*c(z) + 11*w(z). Let o(l) = -l + 1. Let u be o(-1). Calculate n(u).
9
Let h(r) = r**2 - 56*r + 531. Let b be h(12). Let w(o) = o - 3. Give w(b).
0
Suppose -v - 1 = 3. Let f(a) = -3*a**3 + 18*a**2 + 8*a + 12. Let o(q) = 2*q**3 - 10*q**2 - 4*q - 6. Let t(w) = 3*f(w) + 5*o(w). Calculate t(v).
-10
Let u(b) be the third derivative of 0*b**5 + 0*b**3 + 0*b - 1/144*b**6 + 5*b**2 + 0 + 1/12*b**4. Let s(p) be the second derivative of u(p). What is s(1)?
-5
Let l = -1/43 - -47/172. Let g(y) be the first derivative of -5 + l*y**4 + 5/3*y**3 - 5*y + 0*y**2. Calculate g(-5).
-5
Suppose -2*d + 54 = 4*t, -3*t + 22 = 3*d - 20. Let a = -6 + t. Let j be a/14*(2 - 4). Let q(g) = -11*g. Give q(j).
11
Suppose 0*c = 5*c - m, -3*c = -2*m + 7.